 283 is divided by 145?
138
Calculate the remainder when 262 is divided by 58.
30
What is the remainder when 1705 is divided by 39?
28
What is the remainder when 197 is divided by 45?
17
Calculate the remainder when 167 is divided by 14.
13
What is the remainder when 891 is divided by 98?
9
What is the remainder when 1002 is divided by 126?
120
Calculate the remainder when 84 is divided by 38.
8
Calculate the remainder when 66 is divided by 36.
30
Calculate the remainder when 1155 is divided by 127.
12
Calculate the remainder when 1009 is divided by 200.
9
Calculate the remainder when 373 is divided by 95.
88
Calculate the remainder when 722 is divided by 145.
142
What is the remainder when 500 is divided by 173?
154
What is the remainder when 27948 is divided by 86?
84
What is the remainder when 156 is divided by 89?
67
Calculate the remainder when 15 is divided by 7.
1
What is the remainder when 383 is divided by 35?
33
Calculate the remainder when 11244 is divided by 23.
20
Calculate the remainder when 38 is divided by 17.
4
Calculate the remainder when 1546 is divided by 257.
4
What is the remainder when 2540 is divided by 5?
0
What is the remainder when 166 is divided by 158?
8
What is the remainder when 424 is divided by 145?
134
Calculate the remainder when 340 is divided by 15.
10
Calculate the remainder when 287 is divided by 36.
35
Calculate the remainder when 221 is divided by 13.
0
What is the remainder when 6317 is divided by 32?
13
Calculate the remainder when 1583 is divided by 41.
25
Calculate the remainder when 300 is divided by 76.
72
What is the remainder when 2387 is divided by 60?
47
Calculate the remainder when 173 is divided by 52.
17
Calculate the remainder when 545 is divided by 57.
32
Calculate the remainder when 69 is divided by 39.
30
Calculate the remainder when 1745 is divided by 176.
161
Calculate the remainder when 115 is divided by 29.
28
What is the remainder when 56 is divided by 9?
2
Calculate the remainder when 462 is divided by 8.
6
Calculate the remainder when 742 is divided by 31.
29
What is the remainder when 365 is divided by 117?
14
Calculate the remainder when 381 is divided by 32.
29
Calculate the remainder when 1801 is divided by 82.
79
Calculate the remainder when 1306 is divided by 102.
82
What is the remainder when 800 is divided by 52?
20
What is the remainder when 1399 is divided by 10?
9
Calculate the remainder when 1971 is divided by 178.
13
Calculate the remainder when 92 is divided by 55.
37
Calculate the remainder when 1435 is divided by 12.
7
Calculate the remainder when 102 is divided by 91.
11
Calculate the remainder when 1451 is divided by 66.
65
Calculate the remainder when 110 is divided by 39.
32
What is the remainder when 2080 is divided by 301?
274
What is the remainder when 460 is divided by 33?
31
Calculate the remainder when 148 is divided by 39.
31
What is the remainder when 1106 is divided by 362?
20
Calculate the remainder when 316 is divided by 176.
140
Calculate the remainder when 3394 is divided by 46.
36
Calculate the remainder when 84 is divided by 22.
18
What is the remainder when 1948 is divided by 122?
118
What is the remainder when 1553 is divided by 42?
41
What is the remainder when 1007 is divided by 164?
23
Calculate the remainder when 410 is divided by 85.
70
Calculate the remainder when 1336 is divided by 655.
26
What is the remainder when 308 is divided by 5?
3
Calculate the remainder when 1002 is divided by 8.
2
What is the remainder when 2157 is divided by 127?
125
What is the remainder when 133 is divided by 30?
13
What is the remainder when 1558 is divided by 60?
58
What is the remainder when 483 is divided by 44?
43
Calculate the remainder when 440 is divided by 114.
98
What is the remainder when 293 is divided by 16?
5
Calculate the remainder when 127 is divided by 58.
11
What is the remainder when 1022 is divided by 21?
14
Calculate the remainder when 120 is divided by 46.
28
What is the remainder when 952 is divided by 53?
51
Calculate the remainder when 2004 is divided by 9.
6
What is the remainder when 79 is divided by 25?
4
What is the remainder when 322 is divided by 19?
18
What is the remainder when 117 is divided by 48?
21
What is the remainder when 59 is divided by 9?
5
What is the remainder when 3945 is divided by 50?
45
Calculate the remainder when 249 is divided by 36.
33
Calculate the remainder when 328 is divided by 38.
24
What is the remainder when 213 is divided by 111?
102
Calculate the remainder when 1660 is divided by 811.
38
What is the remainder when 181 is divided by 13?
12
What is the remainder when 51 is divided by 13?
12
Calculate the remainder when 135 is divided by 8.
7
Calculate the remainder when 457 is divided by 220.
17
Calculate the remainder when 1245 is divided by 43.
41
What is the remainder when 391 is divided by 58?
43
What is the remainder when 3074 is divided by 75?
74
Calculate the remainder when 41 is divided by 30.
11
Calculate the remainder when 2686 is divided by 191.
12
What is the remainder when 698 is divided by 35?
33
What is the remainder when 766 is divided by 59?
58
Calculate the remainder when 501 is divided by 18.
15
Calculate the remainder when 1129 is divided by 282.
1
What is the remainder when 398 is divided by 46?
30
Calculate the remainder when 3641 is divided by 8.
1
Calculate the remainder when 38 is divided by 13.
12
Calculate the remainder when 874 is divided by 147.
139
Calculate the remainder when 99 is divided by 21.
15
Calculate the remainder when 3364 is divided by 102.
100
Calculate the remainder when 317 is divided by 5.
2
Calculate the remainder when 85 is divided by 18.
13
What is the remainder when 105 is divided by 14?
7
Calculate the remainder when 49 is divided by 8.
1
Calculate the remainder when 6145 is divided by 58.
55
What is the remainder when 37 is divided by 16?
5
What is the remainder when 163 is divided by 77?
9
What is the remainder when 271 is divided by 48?
31
Calculate the remainder when 282 is divided by 91.
9
Calculate the remainder when 18035 is divided by 167.
166
What is the remainder when 47523 is divided by 178?
175
Calculate the remainder when 180 is divided by 170.
10
Calculate the remainder when 764 is divided by 204.
152
Calculate the remainder when 1632 is divided by 540.
12
Calculate the remainder when 1105 is divided by 158.
157
Calculate the remainder when 4235 is divided by 157.
153
What is the remainder when 30 is divided by 21?
9
Calculate the remainder when 124 is divided by 13.
7
Calculate the remainder when 428 is divided by 17.
3
What is the remainder when 2507 is divided by 10?
7
Calculate the remainder when 3142 is divided by 26.
22
What is the remainder when 37940 is divided by 136?
132
Calculate the remainder when 76 is divided by 42.
34
Calculate the remainder when 1127 is divided by 113.
110
Calculate the remainder when 1753 is divided by 117.
115
What is the remainder when 1337 is divided by 91?
63
Calculate the remainder when 46952 is divided by 37.
36
What is the remainder when 46 is divided by 27?
19
What is the remainder when 102 is divided by 80?
22
What is the remainder when 271 is divided by 4?
3
Calculate the remainder when 80 is divided by 9.
8
Calculate the remainder when 9303 is divided by 26.
21
Calculate the remainder when 319 is divided by 16.
15
Calculate the remainder when 187 is divided by 50.
37
Calculate the remainder when 269 is divided by 244.
25
What is the remainder when 759 is divided by 71?
49
Calculate the remainder when 3884 is divided by 60.
44
Calculate the remainder when 890 is divided by 27.
26
Calculate the remainder when 138 is divided by 38.
24
What is the remainder when 56313 is divided by 156?
153
What is the remainder when 449 is divided by 23?
12
What is the remainder when 10485 is divided by 46?
43
Calculate the remainder when 373 is divided by 38.
31
What is the remainder when 729 is divided by 200?
129
What is the remainder when 633 is divided by 172?
117
What is the remainder when 705 is divided by 130?
55
What is the remainder when 610 is divided by 20?
10
Calculate the remainder when 484 is divided by 104.
68
Calculate the remainder when 275 is divided by 20.
15
Calculate the remainder wh